 -2 - (4 + -5). Let d = 11 + 8. What is the highest common divisor of n and d?
19
Let d(i) = i - 8. Let r be d(12). Let c = -4 + 8. Suppose -2*g = u - 22, 0 = -c*u + u + 4*g + 56. What is the highest common divisor of u and r?
4
Suppose -4*t = r - 90, r + 1 = t - 19. What is the highest common factor of 99 and t?
11
Suppose -5*z + 3 = -7. Suppose 4*d + 2*v - 30 = 0, -2*d - z*d + 5*v + 9 = 0. What is the greatest common factor of 54 and d?
6
Let b(k) = k**2 - 4*k + 5. Let a be b(6). What is the greatest common divisor of 17 and a?
17
Suppose 3*b - 4*b = -70. Let n(y) = 4*y - 2. Let p be n(-7). Let d be (-49)/(-5) - 6/p. Calculate the highest common divisor of d and b.
10
Let r = 41 - 24. Let p(n) = 2*n**2 - 3*n - 5. Let i be p(-6). What is the greatest common factor of i and r?
17
Let q be (4/(-6) + 1)*0 + 3. Suppose -4 + 36 = h - 4*c, h - 3*c - 30 = 0. Calculate the highest common divisor of q and h.
3
Let h be (-1 - -1) + 4 + -1. Let o(n) = 12*n**2 + 3*n - 5. Let l be o(h). What is the greatest common factor of 28 and l?
28
Let p be (-20)/(-1 + 1/3). Calculate the greatest common factor of 300 and p.
30
Let t be 94 - (-1 + 2 + 1). What is the highest common divisor of 23 and t?
23
Let l be 4/6*1*24. Suppose 0 = -6*t + 56 + 40. What is the highest common factor of t and l?
16
Suppose -5*s - 16 = -56. Let y(i) = 8*i**2 - 6*i. Let x be y(6). Let p = -180 + x. Calculate the greatest common divisor of s and p.
8
Suppose -2*n = 2 - 38. Calculate the greatest common factor of n and 36.
18
Let g = -6 - -9. Suppose 40 = 2*l + g*l. What is the greatest common divisor of 56 and l?
8
Let b(i) = i**3 + i**2 - i + 30. Let u be b(0). Calculate the greatest common factor of u and 90.
30
Let q = -15 - -24. Let g = -1 - -3. Suppose 6 = g*d - 6. Calculate the greatest common divisor of q and d.
3
Let s = 105 - 81. What is the greatest common factor of s and 168?
24
Suppose -t + 4 = 3*v - 2, -3 = t. Let y(l) = -l**3 - 8*l**2 - 12*l + 1. Let g be y(-6). What is the highest common factor of g and v?
1
Suppose -5*l + 381 = -2*w, 190 = 2*l - 2*w + 34. Calculate the greatest common factor of 50 and l.
25
Suppose -23 = -3*f - j, -3*f = -j - 17 - 8. Let n = 10 + f. Calculate the greatest common factor of 180 and n.
18
Let o = 4 + -1. Suppose 0*z + o*z - 12 = 0. Calculate the greatest common divisor of 1 and z.
1
Suppose -4*c + 52 = 4*x, -3*x + 2*c + 23 = -3*c. Calculate the greatest common factor of x and 110.
11
Let j be (-4 + 0)/2 - -16. What is the highest common divisor of 14 and j?
14
Suppose -4 = -2*c - 0. Let k be (-1 + c)*(6 + 1). Let w(u) = -u**2 + 9*u - 10. Let v be w(k). Calculate the highest common divisor of 4 and v.
4
Let a(o) = 7*o + 4. Let j(y) = 8*y + 4. Let z(f) = -3*a(f) + 2*j(f). Let b be z(-3). Calculate the greatest common divisor of 1 and b.
1
Let d = 88 + -26. Suppose -2*b + 2*c - 74 = -0*c, 0 = -2*b - 4*c - d. Let t = 90 + b. Calculate the greatest common factor of t and 11.
11
Let i(w) = -2*w**3 - 4*w**2 + w. Let z be i(-3). Let c be ((-36)/z)/((-6)/15). Calculate the greatest common factor of c and 66.
6
Suppose q - 30 = -0*q. Suppose 3*u - q = -3*l, -5*l - 4*u + u = -40. Let x = 76 - 71. What is the highest common factor of l and x?
5
Suppose -3*o - 5*t + 28 = -245, 5*o - 5*t - 495 = 0. Let k = -93 + 134. Suppose -5*w + 19 = -k. Calculate the highest common divisor of w and o.
12
Suppose -3*o - 72 = o. Let h be 49/63 - 4/o. What is the highest common divisor of h and 1?
1
Let y(m) = m + 2. Let v be y(0). Suppose -d + 11 = -5*x + v, 4 = d. Let w be 1*x + 5 + 2. What is the highest common factor of 42 and w?
6
Suppose -2*o - 5*b + 10 = -o, b + 19 = 4*o. What is the highest common factor of 2 and o?
1
Let g be (-4)/(-54)*3 - (-160)/9. Calculate the greatest common factor of g and 18.
18
Let i(g) = 3*g**2 - 5*g + 1. Let h be i(2). What is the greatest common factor of h and 33?
3
Let j = -69 - -74. What is the highest common divisor of j and 65?
5
Suppose -3*t = -3*o - 2*t + 37, -2*o = -5*t - 29. Suppose 0 = m - 1 - 2. Let q be ((-1)/2)/(m/(-504)). What is the highest common factor of o and q?
12
Suppose -l - 13 = -1. Let t be (-24)/(-10)*(-450)/l. Calculate the highest common divisor of t and 10.
10
Let f be -4 - 9/((-36)/104). Calculate the highest common divisor of f and 55.
11
Suppose 2*f = 3*w + 33, 5*w + 10 = 2*f - 29. What is the highest common factor of 12 and f?
12
Suppose 3*d - 63 = -0*d + 3*y, 3*d - 4*y - 61 = 0. Let h = -6 + d. Suppose q = 4*q - 102. Calculate the greatest common divisor of q and h.
17
Suppose 2*a - 4*a = -6. Suppose -a*k - 40 = -8*k. What is the greatest common divisor of 1 and k?
1
Let u(t) = -4*t - 10. Let c be u(-11). Calculate the highest common factor of c and 85.
17
Let q = -27 + 34. Let m = -97 + 174. What is the highest common factor of q and m?
7
Let x be (-54)/(-10) + 10/(-25). Suppose 0 = 3*m + x*d - 61, 3*d = m + m - 9. What is the greatest common factor of 132 and m?
12
Let l be -2*(-9)/(-6) + 20. Suppose t - 39 = 3*b, -3*t - b - l = -124. What is the highest common factor of t and 24?
12
Let p(b) = 19*b. Let z be p(2). Let h = -23 + z. What is the greatest common factor of h and 10?
5
Let z(f) = 37*f**2 - 3*f + 1. Let j be z(1). Calculate the highest common factor of j and 5.
5
Suppose 4*m - 5*m + 25 = 0. Let b = 14 + -9. Calculate the highest common factor of m and b.
5
Let s be 62/6 - (-7)/(-21). Suppose -16 = -4*p - 2*o, 3*p = -6*o + 5*o + s. Calculate the highest common divisor of 3 and p.
1
Let a(p) = p**2 - 5*p - 16. Let g be a(-9). What is the highest common divisor of g and 10?
10
Let l(i) = i**2 - 3*i. Let k be l(-5). Let s be ((-2)/(-6))/(1/(-3)). Let q be (-2 - -1) + s + 62. Calculate the greatest common factor of k and q.
20
Let m be -3*1/3 + 5. What is the highest common divisor of m and 8?
4
Suppose -4*m + 48 = 4*s, -s = 3*s - m - 48. Let g(o) = 6*o**2 - o - 4. Let v be g(-4). Calculate the highest common divisor of v and s.
12
Let f = -1 - -3. Suppose 7*i - f*i - 715 = 0. Suppose 3*z = -14 + 53. Calculate the highest common divisor of z and i.
13
Let u(r) = r**2 - 5*r - 4. Let p = 4 + -2. Suppose -5*x - 6*w + w = -10, 4*x + 2*w = -p. Let t be u(x). What is the highest common factor of t and 220?
20
Suppose 4*h + 5*h = 306. Calculate the highest common factor of h and 51.
17
Let z be ((-1190)/5)/(-3 - -1). Calculate the highest common factor of z and 17.
17
Let b be (-3)/(-1) + 51/1. Let t = b + -37. What is the greatest common factor of 17 and t?
17
Let r = 13 + 2. Let p(b) = 6*b**3 - b**2 + 1. Let d be p(1). Calculate the highest common divisor of d and r.
3
Let v(h) = -h**3 + 6*h**2 + 9*h - 1. Let c be v(7). Suppose -103 = -2*k - 25. What is the greatest common factor of k and c?
13
Let c(j) = j**3 - 13*j**2 - 15*j + 12. Let p be c(14). Let q be 4/((-8)/7)*p. What is the highest common divisor of 77 and q?
7
Let l = 409 + -229. What is the highest common factor of l and 18?
18
Let o be (-90)/(-2)*1/1. Let t(d) be the first derivative of 2*d**3/3 - 7*d**2/2 + 1. Let u be t(5). Calculate the greatest common factor of u and o.
15
Let u be ((-2)/(-4))/(4/48). What is the greatest common divisor of u and 24?
6
Let r = -20 + 21. Let q be (r - (-2 + -1))*5. What is the greatest common factor of 10 and q?
10
Let p = -1 - -65. Let x be 2/10 - (-222)/15. Let n = -7 + x. Calculate the greatest common factor of p and n.
8
Suppose 0 = i - 5*c - 32, -3*i = 2*c - 41 - 38. Let s be i*1 + 13/13. Calculate the greatest common factor of 28 and s.
28
Suppose -2*c = -6*c + 20. Suppose -c = -2*q + 5. Suppose q*v + 67 = 342. Calculate the greatest common factor of v and 5.
5
Let y(b) = -4 + 6*b**2 - 6*b**2 + 5*b + 2*b**2. Let o be y(4). Let f(d) = d**2 - 3*d + 6. Let a be f(5). Calculate the highest common factor of o and a.
16
Suppose -4*n - 5*r - 7 = 5, 0 = n + 2*r + 6. Suppose 0 = -4*w + n*w + 16. Calculate the highest common divisor of w and 64.
8
Suppose 4*i - 112 = -0*i. Suppose 0 = j + j - i. What is the greatest common factor of j and 42?
14
Suppose -6*c + 24 = 2*s - 2*c, s - 4*c = 0. Let b be (-1)/2 + (-632)/(-16). Suppose 2*i + b = 215. Calculate the highest common factor of i and s.
8
Suppose 3*j + 3 = -0*j. Let k be 2 + 2 - (1 + j). Suppose 0 = 3*u - 4*u + 5*w + 42, -86 = -3*u - 5*w. Calcula